570 and a?
15
Suppose 22 = 13*c - 121. Let i be -5*(-7 + 168/35). Calculate the highest common factor of i and c.
11
Suppose -451238 = -86*d + 129778. What is the greatest common factor of d and 12?
12
Let c = -6671 - -10124. Calculate the greatest common factor of c and 3.
3
Suppose 2947 + 871 = 130*b + 958. What is the greatest common factor of b and 1661?
11
Let j be 2*-28 + 6/3. Let i = j - -68. Let k = -90 + 216. What is the highest common divisor of i and k?
14
Let d(z) = -2*z**3 - 113*z**2 - 53*z + 328. Let c be d(-56). What is the highest common divisor of 340 and c?
20
Let g = 703 - 657. Suppose 49*o - 126 = g*o. Suppose -3*z + 2*f + 57 = 5*f, f = 3*z - 65. Calculate the highest common factor of z and o.
21
Let x be (-223)/((-1)/(-7) - (10 - (-3029)/(-308))). Calculate the greatest common divisor of x and 44.
44
Let y(p) = p**3 + 5*p**2 - 31*p + 4. Let b be y(-8). Calculate the greatest common factor of b and 1140.
60
Let d(y) = y**2 + 22*y - 627. Let q be d(17). Calculate the greatest common factor of 276 and q.
12
Let h(s) = 900*s**2 - 69*s - 14. Let b be h(2). What is the greatest common factor of 24 and b?
8
Let w be (-144)/54 + 1/(-3). Let k be (12/9)/((-1)/w). Suppose -4*i + 306 + 226 = k*o, 2*i - 268 = -o. Calculate the greatest common divisor of 15 and i.
15
Let o = -736 - -1189. Calculate the greatest common factor of 3 and o.
3
Suppose 0 = 3*v - 5*t - 61, 112*v = 109*v + 2*t + 73. Calculate the greatest common factor of 9288 and v.
27
Let z(i) = 2*i**2 + 4*i - 541. Let a be z(24). Calculate the highest common divisor of 7 and a.
7
Suppose -877 = -3*r - 4*i + 6577, -2*i = 2*r - 4972. Let o be 5/(-2)*r/(-25). Calculate the highest common divisor of 332 and o.
83
Let j = 2687 + -2559. What is the greatest common divisor of 144 and j?
16
Suppose 0 = -413*f + 67*f + 5021844. What is the greatest common factor of f and 472?
118
Let p = 90 - -138. Let a = 113 - 66. Suppose -2*s - 23 + a = 0. What is the highest common divisor of p and s?
12
Let o(a) = -10*a**3 - 105*a**2 + 12*a + 45. Let t be o(-11). What is the greatest common divisor of t and 22015?
259
Suppose 18*f + 4*f - 13608 = -6*f. Calculate the highest common factor of 90 and f.
18
Let u = -30677 - -30769. What is the highest common factor of u and 55844?
92
Let a(o) = -4*o - 17. Let i be a(-5). Let j(s) = -3*s**3 + 4*s**2 - 5*s - 2. Let l be j(-2). Calculate the highest common factor of l and i.
3
Let w(y) = 4*y + 5*y + 2*y + 12 + y**2 + y. Let m be w(-11). Let r(p) = p**3 - p**2 - 9*p - 3. Let h be r(4). What is the highest common factor of h and m?
1
Suppose n - 2 = -0*n. Suppose 0 = -100*p + 11*p - 24*p + 339. Suppose 0*y = n*y - 4*w - 34, w - p = 0. Calculate the highest common factor of y and 253.
23
Suppose 2 = p, 3*p - 223 - 19 = 4*c. Suppose -2*a - 142 = 12. Let f = c - a. What is the highest common divisor of f and 27?
9
Suppose 10658*y - 10655*y - 126 = 0. Let d = 6 + 6. Calculate the highest common factor of d and y.
6
Suppose 2*x - 52 = -s, -x - 4*s - 92 = -5*x. Suppose x*l = 27*l + 10. Let t be (-197)/l - (-2)/(-5). Calculate the highest common factor of t and 26.
13
Let k(p) = -p**3 + 12*p**2 + 31*p - 35. Suppose -5*z + 2*z + 6 = 0, 0 = s + 5*z - 24. Let j be k(s). What is the greatest common factor of 161 and j?
7
Let s be (2 - (33 - 0))/(-1). Let g be (-5)/(150/12) - (-22827)/105. What is the greatest common factor of s and g?
31
Let j(k) = 512*k - 40. Let o be j(5). Suppose l - 22*l = -o. Calculate the greatest common factor of l and 15.
15
Suppose 37*z = 36*z + 99. Suppose 10*j + 27 = 13*j. Suppose -i - 17 = -2*y, y + j = -2*i + 6*i. Calculate the greatest common factor of y and z.
11
Let a be (2 + -4)*-26 + 1. Let z = 57 - a. Suppose -o = z*l - 431, -3*l + 8*o - 5*o = -327. Calculate the highest common divisor of 9 and l.
9
Let v be (-434)/4*264/(-77). Let d be (8/6)/((-30)/135)*(11 - 17). Calculate the greatest common divisor of d and v.
12
Let h be (2 - (-62)/(-10))/(14 - 19881/1420). What is the highest common divisor of h and 147?
21
Suppose 81*g - 207937 + 28117 = 0. What is the greatest common divisor of g and 10?
10
Let n be (-11)/(-4) + 3 + 27/(-36). Suppose n*k = -3*k - 8. Let l be 13 + k*4/(-2). Calculate the greatest common factor of l and 105.
15
Let h be (2 + -17 + -45)*164/(-5). What is the highest common factor of h and 820?
164
Let z = 43 - 17. Let a(g) = -g**3 - g**2 + 13. Let o be a(-4). Suppose 0 = j, 2*c + 4*j - 17 = o. What is the greatest common factor of z and c?
13
Suppose 2*h + 2 = 26. Suppose 0 = -6*m + 7 + 5. Suppose -3*z + m*z = -4. What is the greatest common divisor of h and z?
4
Suppose 13*h = -0*h - 13. Let l be (h + 5/1)*(-1596)/(-336). What is the highest common factor of 152 and l?
19
Let d(g) = -g - 3. Suppose -3*w - 4*o = 16, -o = 3*w + 2*w + 4. Suppose w = -4*a - 0 - 36. Let t be d(a). Calculate the highest common factor of 66 and t.
6
Let j = -320 + 602. Let g = j - 155. Let v = g - 76. Calculate the highest common divisor of 17 and v.
17
Let r be 3/15 + 676/20 + -9. Let k(i) = -i**2 - 4*i + 5. Let v be k(-5). Suppose 0*a - 3*a + 525 = v. What is the highest common divisor of a and r?
25
Let f = 466 - 241. Suppose -5*w - 6*c + 5*c - 16 = 0, -3*w - c = 10. Let r = w - -12. Calculate the highest common factor of f and r.
9
Suppose j + 0*j - 25 = 0. Let f be 7 + ((-12)/(-9) + 0)*-3. Suppose -l = 4*k - 403, 2*k - f*l = 221 - 30. Calculate the greatest common factor of k and j.
25
Let i = 8578 + -4707. Calculate the greatest common factor of i and 49.
49
Suppose -84 = -13*t + 215. Suppose -605 - 1672 = -t*i. What is the greatest common factor of 121 and i?
11
Let n = -8 + 13. Suppose -n*v + 20 = -160. Suppose 32*f = 27*f + 44*f - 2106. What is the highest common factor of f and v?
18
Let z be (-160)/((-1)/(-2)*-2). Suppose -16*t + 42 - 6 = -44. Calculate the greatest common factor of z and t.
5
Let u = 5700 + -5686. What is the greatest common divisor of 581 and u?
7
Suppose 30*c - 26*c = 64. Suppose c = -2*m - t + 178, -2*m + 152 = -4*t. Calculate the greatest common factor of 30 and m.
10
Suppose -17541 = -49*m - 35080 + 229709. Calculate the greatest common divisor of m and 10.
10
Let b = 363 - 1194. Let q = 837 + b. Calculate the highest common factor of q and 111.
3
Let m be ((-340)/12 + -1)/(((-5)/(-3))/(-5)). Calculate the highest common divisor of 80 and m.
8
Let w = 5453 + -1735. What is the highest common factor of w and 11?
11
Let k be (-4)/4 - (-18)/6. Let t(c) = -7 - 5*c + 6*c**k + 5*c. Let s be t(-5). Calculate the greatest common divisor of s and 13.
13
Suppose -y + 37 = -5*u, 59 = -y + 3*y - 5*u. Suppose 282*n - 283*n = -2. Calculate the highest common factor of n and y.
2
Suppose -4*w - 109 = -3*u + 61, -5*w - 10 = 0. Let r be 528/u - 6 - (-6)/27. What is the highest common factor of 188 and r?
4
Suppose 2410*p + 667 = 2467*p - 5603. Let g be (-7)/3 + (-2)/(-6). Let m(r) = -5*r + 1. Let n be m(g). What is the highest common factor of p and n?
11
Suppose -5*p + 0*k + 5106 = -4*k, -2046 = -2*p - 2*k. Let t = p + -617. Calculate the greatest common divisor of 27 and t.
27
Suppose 20 + 19 = 3*v. Let x be (-2 + (-16 - (-2475)/66))*46/3. Calculate the greatest common factor of x and v.
13
Suppose -179*y + 16544 = 434. Calculate the greatest common divisor of 32 and y.
2
Let m be (490/75*-3)/((-1)/180). Let p be (m/98)/(1/4). What is the greatest common factor of p and 32?
16
Suppose -2*k + 41028 = 4*l, 0 = 9*k - 4*k + 10. Calculate the highest common factor of l and 46.
46
Let x be 111/(10/(-4)*25/(-375)). Let n be 4 + (-1)/((-9)/x). Calculate the greatest common divisor of n and 12.
6
Let b = -40188 + 40210. Suppose -114 - 326 = -4*m. What is the highest common factor of m and b?
22
Let u = -55057 + 32252. Let m be 22/99 + u/(-45). What is the highest common divisor of m and 39?
39
Let h(a) = 40*a**2 + 435*a + 60. Let v be h(-16). What is the highest common divisor of v and 80?
20
Let f be 0 - ((-13)/(-91) - (-15)/(-7)). Let i(t) = -5*t**2 + 8*t**f + 179*t - 180*t. Let q be i(-1). Calculate the greatest common divisor of 52 and q.
4
Suppose 27*h + 16*h - 43 = 0. Suppose 8*r + 205 = 13*r. What is the greatest common divisor of h and r?
1
Suppose 728 = -356*x + 357*x. Suppose 514*k - 516*k = -224. What is